{"id":15349,"date":"2024-02-07T17:15:06","date_gmt":"2024-02-07T16:15:06","guid":{"rendered":"https:\/\/hppsycho.de\/mediathek\/?page_id=15349"},"modified":"2026-01-06T16:00:37","modified_gmt":"2026-01-06T15:00:37","slug":"impressum","status":"publish","type":"page","link":"https:\/\/hppsycho.de\/mediathek\/impressum\/","title":{"rendered":"Impressum"},"content":{"rendered":"<p>Koppers und Letschert GbR<br \/>\nAm Webergarten 4<br \/>\nD- 61118 Bad Vilbel<\/p>\n<p>Telefon: +49 (0) 6101 \u2013 30414 06<br \/>\nTelefax: +49 (0) 6101 \u2013 30414 07<\/p>\n<p>Email:\u00a0\u00a0<a href=\"mailto:info@hppsycho.de\">info[at]hppsycho.de<\/a><\/p>\n<p>Webmaster: Joachim Letschert<\/p>\n<p><em><br \/>\n<\/em>Inhaber: Uwe Koppers und Joachim Letschert (Anschrift wie oben)<br \/>\nInhaltlich Verantwortlicher gem\u00e4\u00df \u00a7 10 Absatz 3 MDStV: Uwe Koppers und Joachim Letschert<\/p>\n<p>Gesch\u00e4ftsform: Gesellschaft b\u00fcrgerlichen Rechts<\/p>\n<p>Steuernummer: 1633760169USt-IdNr.: DE245629197\u00a0<a class=\"lightbox-added\" href=\"https:\/\/www.pegasuszentrum.de\/noventiz_direct_button_V10229.png\" target=\"_blank\" rel=\"noreferrer noopener\">Wir kommen der Verpflichtung zur Entsorgung unserer Verpackungen gem\u00e4\u00df VerpackV \u00fcber NOVENTIZ nach.<\/a><br \/>\nAlle angegebenen Preise sind Endverbraucherpreise inkl. der gesetzlichen Steuern.<\/p>\n<p>Alle Rechte vorbehalten, auch die der fotomechanischen Wiedergabe, jegliche Vervielf\u00e4ltigung, Verbreitung mittels besonderer Verfahren (zum Beispiel Datenverarbeitung, Datentr\u00e4ger, Datennetze) oder Weiterverarbeitung unseres Bildmaterials, Tonmaterials, der Seminarunterlagen oder des Ausbildungsmaterials in jeglichem Medium als Ganzes oder auch teilweise bedarf der schriftlichen Zustimmung des Pegasuszentrum von Uwe Koppers\/Joachim Letschert oder des entsprechenden Autors. F\u00fcr etwaige Fehler sowie f\u00fcr die Richtigkeit der Daten wird keine Gew\u00e4hr \u00fcbernommen.<\/p>\n<p>Internet-Bedingungen:<br \/>\nDas Internet \u2013 als dezentraler Netzwerkverbund \u2013 arbeitet mit der Zwischenspeicherung und Weitergabe tempor\u00e4rer Daten. Eine Gew\u00e4hr f\u00fcr den Ausschluss von Manipulation, von versehentlichem Verf\u00e4lschen und f\u00fcr die Verwendung aktueller Daten kann unsererseits nicht \u00fcbernommen werden. Wir weisen Sie deshalb auf Folgendes hin: Sie erhalten die von Ihnen angeforderten Daten unter den Bedingungen des Internets. F\u00fcr die Richtigkeit der Angaben und die \u00dcbereinstimmung mit den Ursprungsdaten kann keine Gew\u00e4hr \u00fcbernommen werden.<\/p>\n<p>Links:<br \/>\nMit Urteil vom 12. Mai 1998 hat das Landgericht Hamburg entschieden, dass mit Ausbringung eines Links die Inhalte der gelinkten Seite ggf. mit zu verantworten sind. Dies kann \u2013 so das Landgericht Hamburg \u2013 nur dadurch verhindert werden, dass man sich von diesen Inhalten ausdr\u00fccklich distanziert. Auf unseren Seiten befinden sich Links zu anderen Internet-Anbietern. Hierf\u00fcr gilt:<br \/>\nWir m\u00f6chten betonen, dass wir trotz sorgf\u00e4ltiger inhaltlicher Kontrolle keinerlei Einfluss auf die Inhalte, die Gestaltung oder \u00c4nderungen der gelinkten Seiten haben. Deshalb distanzieren wir uns hiermit ausdr\u00fccklich von allen Inhalten der von uns verlinkten Seiten. Die Inhalte dieser Seiten machen wir uns nicht zu Eigen. Diese Erkl\u00e4rung gilt f\u00fcr alle auf unseren Seiten angebrachten Links und f\u00fcr die Inhalte aller Seiten, zu denen die angebrachten Links f\u00fchren. F\u00fcr den Inhalt der verlinkten Seiten sind ausschlie\u00dflich deren Betreiber verantwortlich.\u00a0Verpackungsverordnung (\u00a7 6 Abs. 3 VerpackV):<br \/>\nDie Verpackungsverordnung (VerpackV) regelt die R\u00fccknahme- und Verwertungspflicht f\u00fcr Transport-, Verkaufs- und Umverpackungen. PegasusZentrum \u2013 Koppers und Letschert GbR erf\u00fcllt die Beteiligungspflicht an einem R\u00fccknahmesystem f\u00fcr die durch uns in Deutschland in Verkehr gebrachten und an private Endverbraucher abgegebenen Verkaufsverpackungen nach \u00a7 6 Abs. 1 Satz 1 der Verpackungsverordnung. Als R\u00fccknahmesystem im Sinne der Verpackungsverordnung (\u00a7 6 Abs. 3 VerpackV) besteht mit der Firma NOVENTIZ GmbH K\u00f6ln ein entsprechender Lizenzvertrag. Die Firma NOVENTIZ GmbH \u00fcbernimmt f\u00fcr uns die Durchf\u00fchrung der Verpackungsentsorgung im Sinne der gesetzlichen Anforderungen.<\/p>\n","protected":false},"excerpt":{"rendered":"<p>Koppers und Letschert GbR Am Webergarten 4 D- 61118 Bad Vilbel Telefon: +49 (0) 6101 \u2013 30414 06 Telefax: +49 (0) 6101 \u2013 30414 07 Email:\u00a0\u00a0info[at]hppsycho.de Webmaster: Joachim Letschert Inhaber: Uwe Koppers und Joachim Letschert (Anschrift wie oben) Inhaltlich Verantwortlicher gem\u00e4\u00df \u00a7 10 Absatz 3 MDStV: Uwe Koppers und Joachim Letschert Gesch\u00e4ftsform: Gesellschaft b\u00fcrgerlichen Rechts [&hellip;]<\/p>\n","protected":false},"author":1,"featured_media":0,"parent":0,"menu_order":0,"comment_status":"closed","ping_status":"closed","template":"","meta":{"footnotes":""},"class_list":["post-15349","page","type-page","status-publish","hentry"],"jetpack-related-posts":[{"id":16278,"url":"https:\/\/hppsycho.de\/mediathek\/lernen-im-odenwald-2025-26\/","url_meta":{"origin":15349,"position":0},"title":"Lernen im Odenwald 2025\/26","author":"","date":false,"format":false,"excerpt":"","rel":"","context":"\u00c4hnlicher Beitrag","block_context":{"text":"\u00c4hnlicher Beitrag","link":""},"img":{"alt_text":"","src":"","width":0,"height":0},"classes":[]},{"id":17820,"url":"https:\/\/hppsycho.de\/mediathek\/ausbildung-im-odenwaldinstitut\/","url_meta":{"origin":15349,"position":1},"title":"Ausbildung im Odenwaldinstitut","author":"","date":false,"format":false,"excerpt":"","rel":"","context":"\u00c4hnlicher Beitrag","block_context":{"text":"\u00c4hnlicher Beitrag","link":""},"img":{"alt_text":"","src":"","width":0,"height":0},"classes":[]},{"id":8106,"url":"https:\/\/hppsycho.de\/mediathek\/datenschutz\/","url_meta":{"origin":15349,"position":2},"title":"DATENSCHUTZ","author":"","date":false,"format":false,"excerpt":"Datenschutzerkl\u00e4rung Diese Datenschutzerkl\u00e4rung kl\u00e4rt Sie \u00fcber die Art, den Umfang und Zweck der Verarbeitung von personenbezogenen Daten (nachfolgend kurz \u201eDaten\u201c) innerhalb unseres Onlineangebotes und der mit ihm verbundenen Webseiten, Funktionen und Inhalte sowie externen Onlinepr\u00e4senzen, wie z.B. unser Social Media Profile auf. (nachfolgend gemeinsam bezeichnet als \u201eOnlineangebot\u201c). Im Hinblick auf\u2026","rel":"","context":"\u00c4hnlicher Beitrag","block_context":{"text":"\u00c4hnlicher Beitrag","link":""},"img":{"alt_text":"","src":"","width":0,"height":0},"classes":[]},{"id":16962,"url":"https:\/\/hppsycho.de\/mediathek\/fallgeschichten-2\/","url_meta":{"origin":15349,"position":3},"title":"Fallgeschichten","author":"","date":false,"format":false,"excerpt":"Fall 2 Fall 3 Fall 4 Fall 5 Fall 6 \u00a0","rel":"","context":"\u00c4hnlicher Beitrag","block_context":{"text":"\u00c4hnlicher Beitrag","link":""},"img":{"alt_text":"","src":"","width":0,"height":0},"classes":[]},{"id":627,"url":"https:\/\/hppsycho.de\/mediathek\/","url_meta":{"origin":15349,"position":4},"title":"Home","author":"","date":false,"format":false,"excerpt":"","rel":"","context":"\u00c4hnlicher Beitrag","block_context":{"text":"\u00c4hnlicher Beitrag","link":""},"img":{"alt_text":"","src":"","width":0,"height":0},"classes":[]}],"jetpack_sharing_enabled":true,"_links":{"self":[{"href":"https:\/\/hppsycho.de\/mediathek\/wp-json\/wp\/v2\/pages\/15349","targetHints":{"allow":["GET"]}}],"collection":[{"href":"https:\/\/hppsycho.de\/mediathek\/wp-json\/wp\/v2\/pages"}],"about":[{"href":"https:\/\/hppsycho.de\/mediathek\/wp-json\/wp\/v2\/types\/page"}],"author":[{"embeddable":true,"href":"https:\/\/hppsycho.de\/mediathek\/wp-json\/wp\/v2\/users\/1"}],"replies":[{"embeddable":true,"href":"https:\/\/hppsycho.de\/mediathek\/wp-json\/wp\/v2\/comments?post=15349"}],"version-history":[{"count":3,"href":"https:\/\/hppsycho.de\/mediathek\/wp-json\/wp\/v2\/pages\/15349\/revisions"}],"predecessor-version":[{"id":18081,"href":"https:\/\/hppsycho.de\/mediathek\/wp-json\/wp\/v2\/pages\/15349\/revisions\/18081"}],"wp:attachment":[{"href":"https:\/\/hppsycho.de\/mediathek\/wp-json\/wp\/v2\/media?parent=15349"}],"curies":[{"name":"wp","href":"https:\/\/api.w.org\/{rel}","templated":true}]}}